{"id":96,"date":"2019-12-18T13:07:39","date_gmt":"2019-12-18T12:07:39","guid":{"rendered":"https:\/\/laientheaterweidling.net\/?page_id=96"},"modified":"2026-04-08T15:33:23","modified_gmt":"2026-04-08T14:33:23","slug":"tickets-kontakt","status":"publish","type":"page","link":"https:\/\/laientheaterweidling.net\/index.php\/tickets-kontakt\/","title":{"rendered":"Reservierung \/ Kontakt"},"content":{"rendered":"<p><div class=\"fusion-fullwidth fullwidth-box fusion-builder-row-1 nonhundred-percent-fullwidth non-hundred-percent-height-scrolling\" style=\"background-color: #113450;background-position: center center;background-repeat: no-repeat;padding-top:0px;padding-right:0px;padding-bottom:0px;padding-left:0px;margin-bottom: 0px;margin-top: 0px;border-width: 0px 0px 0px 0px;border-color:#eae9e9;border-style:solid;\" ><div class=\"fusion-builder-row fusion-row\"><div class=\"fusion-layout-column fusion_builder_column fusion-builder-column-0 fusion_builder_column_1_1 1_1 fusion-one-full fusion-column-first fusion-column-last\" style=\"margin-top:0px;margin-bottom:20px;\"><div class=\"fusion-column-wrapper fusion-flex-column-wrapper-legacy\" style=\"background-position:left top;background-repeat:no-repeat;-webkit-background-size:cover;-moz-background-size:cover;-o-background-size:cover;background-size:cover;padding: 0px 0px 0px 0px;\"><div class=\"fusion-sep-clear\"><\/div><div class=\"fusion-separator fusion-full-width-sep\" style=\"margin-left: auto;margin-right: auto;margin-top:50px;width:100%;\"><\/div><div class=\"fusion-sep-clear\"><\/div><div class=\"fusion-aligncenter\"><style>.fusion-body .fusion-button.button-1{border-color:#ffffff;border-radius:0px 0px 0px 0px;background:#db0914;}.fusion-body .fusion-button.button-1 .fusion-button-text,.fusion-body .fusion-button.button-1 i,.fusion-body .fusion-button.button-1:hover .fusion-button-text,.fusion-body .fusion-button.button-1:hover i,.fusion-body .fusion-button.button-1:focus .fusion-button-text,.fusion-body .fusion-button.button-1:focus i,.fusion-body .fusion-button.button-1:active .fusion-button-text,.fusion-body .fusion-button.button-1:active i{color:#ffffff;}.fusion-body .fusion-button.button-1:hover,.fusion-body .fusion-button.button-1:active,.fusion-body .fusion-button.button-1:focus{border-color:#ffffff;background:#939393;background-image:linear-gradient(180deg,#939393 0%,#ffffff 100%);}<\/style><a class=\"fusion-button button-flat fusion-button-default-size button-custom button-1 fusion-button-default-span fusion-button-default-type\" target=\"_blank\" rel=\"noopener noreferrer\" href=\"https:\/\/theaterweidling.eventbrite.com\"><span class=\"fusion-button-text\">PLATZRESERVIERUNG UND MEHR&#8230;<\/span><i class=\"fa-chevron-right fas button-icon-right\" aria-hidden=\"true\"><\/i><\/a><\/div><div class=\"fusion-sep-clear\"><\/div><div class=\"fusion-separator fusion-full-width-sep\" style=\"margin-left: auto;margin-right: auto;margin-top:10px;width:100%;\"><\/div><div class=\"fusion-sep-clear\"><\/div><div class=\"fusion-clearfix\"><\/div><\/div><\/div><\/div><\/div><div class=\"fusion-fullwidth fullwidth-box fusion-builder-row-2 nonhundred-percent-fullwidth non-hundred-percent-height-scrolling\" style=\"background-color: rgba(255,255,255,0);background-position: center center;background-repeat: no-repeat;padding-top:0px;padding-right:0px;padding-bottom:0px;padding-left:0px;margin-bottom: 0px;margin-top: 0px;border-width: 0px 0px 0px 0px;border-color:#eae9e9;border-style:solid;\" ><div class=\"fusion-builder-row fusion-row\"><div class=\"fusion-layout-column fusion_builder_column fusion-builder-column-1 fusion_builder_column_1_4 1_4 fusion-one-fourth fusion-column-first\" style=\"width:25%;width:calc(25% - ( ( 4% + 4% ) * 0.25 ) );margin-right: 4%;margin-top:0px;margin-bottom:20px;\"><div class=\"fusion-column-wrapper fusion-flex-column-wrapper-legacy\" style=\"background-position:left top;background-repeat:no-repeat;-webkit-background-size:cover;-moz-background-size:cover;-o-background-size:cover;background-size:cover;padding: 0px 0px 0px 0px;\"><div class=\"fusion-sep-clear\"><\/div><div class=\"fusion-separator fusion-full-width-sep\" style=\"margin-left: auto;margin-right: auto;margin-top:30px;width:100%;\"><\/div><div class=\"fusion-sep-clear\"><\/div><span class=\" fusion-imageframe imageframe-none imageframe-1 hover-type-none\"><img decoding=\"async\" width=\"640\" height=\"640\" alt=\"Laientheater Weidling Tickets\" title=\"Laientheater Weidling Tickets\" src=\"https:\/\/laientheaterweidling.net\/wp-content\/uploads\/2020\/05\/tickets2-1.png\" class=\"img-responsive wp-image-306\" srcset=\"https:\/\/laientheaterweidling.net\/wp-content\/uploads\/2020\/05\/tickets2-1-200x200.png 200w, https:\/\/laientheaterweidling.net\/wp-content\/uploads\/2020\/05\/tickets2-1-400x400.png 400w, https:\/\/laientheaterweidling.net\/wp-content\/uploads\/2020\/05\/tickets2-1-600x600.png 600w, https:\/\/laientheaterweidling.net\/wp-content\/uploads\/2020\/05\/tickets2-1.png 640w\" sizes=\"(max-width: 800px) 100vw, 400px\" \/><\/span><div class=\"fusion-clearfix\"><\/div><\/div><\/div><div class=\"fusion-layout-column fusion_builder_column fusion-builder-column-2 fusion_builder_column_1_2 1_2 fusion-one-half\" style=\"width:50%;width:calc(50% - ( ( 4% + 4% ) * 0.5 ) );margin-right: 4%;margin-top:0px;margin-bottom:20px;\"><div class=\"fusion-column-wrapper fusion-flex-column-wrapper-legacy\" style=\"background-position:left top;background-repeat:no-repeat;-webkit-background-size:cover;-moz-background-size:cover;-o-background-size:cover;background-size:cover;padding: 0px 0px 0px 0px;\"><div class=\"fusion-sep-clear\"><\/div><div class=\"fusion-separator fusion-full-width-sep\" style=\"margin-left: auto;margin-right: auto;margin-top:30px;width:100%;\"><\/div><div class=\"fusion-sep-clear\"><\/div><div class=\"fusion-text fusion-text-1\"><p>Aus organisatorischen Gr\u00fcnden bitten wir um Online Reservierung der Pl\u00e4tze.<br \/>\nVerwenden Sie zur Online-Reservierung den roten Button-Link oben.<\/p>\n<p>Sie erhalten nach erfolgreicher Eingabe eine Best\u00e4tigung per E-Mail und k\u00f6nnen sich die Tickets ausdrucken.<br \/>\nSollten Sie keine Best\u00e4tigungsmail erhalten, bitten wir um Kontaktaufnahme per Mail an <a href=\"mailto:theaterweidling@gmail.com\">theaterweidling@gmail.com<\/a><\/p>\n<p>Vorstellungen ab Juni 2026<\/p>\n<\/div><div class=\"fusion-text fusion-text-2\"><h3><span style=\"color: #ff0000;\">Wenn es Ihnen nicht m\u00f6glich ist, Ihre Pl\u00e4tze f\u00fcr das Ortszentrum Weidling online zu reservieren, senden Sie bitte eine SMS an diese Tel: +43 676 3366806,<\/span><\/h3>\n<h3>F\u00fcr Wilheringerhof gibt es auch die M\u00f6glichkeit von<\/h3>\n<ul>\n<li>\n<h3>Tel: +43\/ 2243\/ 444 351<\/h3>\n<\/li>\n<li>\n<h3>Mail:\u00a0<a href=\"mailto:kulturamt@klosterneuburg.at\" target=\"_blank\" rel=\"noopener\">kulturamt@klosterneuburg.at<\/a><\/h3>\n<\/li>\n<\/ul>\n<\/div><div class=\"fusion-clearfix\"><\/div><\/div><\/div><div class=\"fusion-layout-column fusion_builder_column fusion-builder-column-3 fusion_builder_column_1_4 1_4 fusion-one-fourth fusion-column-last\" style=\"width:25%;width:calc(25% - ( ( 4% + 4% ) * 0.25 ) );margin-top:0px;margin-bottom:20px;\"><div class=\"fusion-column-wrapper fusion-flex-column-wrapper-legacy\" style=\"background-position:left top;background-repeat:no-repeat;-webkit-background-size:cover;-moz-background-size:cover;-o-background-size:cover;background-size:cover;padding: 0px 0px 0px 0px;\"><div class=\"fusion-sep-clear\"><\/div><div class=\"fusion-separator fusion-full-width-sep\" style=\"margin-left: auto;margin-right: auto;margin-top:30px;width:100%;\"><\/div><div class=\"fusion-sep-clear\"><\/div><span class=\" fusion-imageframe imageframe-none imageframe-2 hover-type-none\"><img decoding=\"async\" width=\"640\" height=\"640\" alt=\"Laientheater Weidling Tickets\" title=\"Laientheater Weidling Tickets\" src=\"https:\/\/laientheaterweidling.net\/wp-content\/uploads\/2020\/05\/tickets2-1.png\" class=\"img-responsive wp-image-306\" srcset=\"https:\/\/laientheaterweidling.net\/wp-content\/uploads\/2020\/05\/tickets2-1-200x200.png 200w, https:\/\/laientheaterweidling.net\/wp-content\/uploads\/2020\/05\/tickets2-1-400x400.png 400w, https:\/\/laientheaterweidling.net\/wp-content\/uploads\/2020\/05\/tickets2-1-600x600.png 600w, https:\/\/laientheaterweidling.net\/wp-content\/uploads\/2020\/05\/tickets2-1.png 640w\" sizes=\"(max-width: 800px) 100vw, 400px\" \/><\/span><div class=\"fusion-clearfix\"><\/div><\/div><\/div><\/div><\/div><\/p>\n","protected":false},"excerpt":{"rendered":"","protected":false},"author":1,"featured_media":0,"parent":0,"menu_order":0,"comment_status":"closed","ping_status":"closed","template":"100-width.php","meta":{"_monsterinsights_skip_tracking":false,"_monsterinsights_sitenote_active":false,"_monsterinsights_sitenote_note":"","_monsterinsights_sitenote_category":0,"footnotes":""},"class_list":["post-96","page","type-page","status-publish","hentry"],"yoast_head":"<!-- This site is optimized with the Yoast SEO plugin v24.5 - https:\/\/yoast.com\/wordpress\/plugins\/seo\/ -->\n<title>Reservierung \/ Kontakt - Laientheater Weidling<\/title>\n<meta name=\"robots\" content=\"index, follow, max-snippet:-1, max-image-preview:large, max-video-preview:-1\" \/>\n<link rel=\"canonical\" href=\"https:\/\/laientheaterweidling.net\/index.php\/tickets-kontakt\/\" \/>\n<meta property=\"og:locale\" content=\"de_DE\" \/>\n<meta property=\"og:type\" content=\"article\" \/>\n<meta property=\"og:title\" content=\"Reservierung \/ Kontakt - Laientheater Weidling\" \/>\n<meta property=\"og:url\" content=\"https:\/\/laientheaterweidling.net\/index.php\/tickets-kontakt\/\" \/>\n<meta property=\"og:site_name\" content=\"Laientheater Weidling\" \/>\n<meta property=\"article:modified_time\" content=\"2026-04-08T14:33:23+00:00\" \/>\n<meta name=\"twitter:card\" content=\"summary_large_image\" \/>\n<meta name=\"twitter:label1\" content=\"Gesch\u00e4tzte Lesezeit\" \/>\n\t<meta name=\"twitter:data1\" content=\"5 Minuten\" \/>\n<script type=\"application\/ld+json\" class=\"yoast-schema-graph\">{\"@context\":\"https:\/\/schema.org\",\"@graph\":[{\"@type\":\"WebPage\",\"@id\":\"https:\/\/laientheaterweidling.net\/index.php\/tickets-kontakt\/\",\"url\":\"https:\/\/laientheaterweidling.net\/index.php\/tickets-kontakt\/\",\"name\":\"Reservierung \/ Kontakt - Laientheater Weidling\",\"isPartOf\":{\"@id\":\"https:\/\/laientheaterweidling.net\/#website\"},\"datePublished\":\"2019-12-18T12:07:39+00:00\",\"dateModified\":\"2026-04-08T14:33:23+00:00\",\"breadcrumb\":{\"@id\":\"https:\/\/laientheaterweidling.net\/index.php\/tickets-kontakt\/#breadcrumb\"},\"inLanguage\":\"de-AT\",\"potentialAction\":[{\"@type\":\"ReadAction\",\"target\":[\"https:\/\/laientheaterweidling.net\/index.php\/tickets-kontakt\/\"]}]},{\"@type\":\"BreadcrumbList\",\"@id\":\"https:\/\/laientheaterweidling.net\/index.php\/tickets-kontakt\/#breadcrumb\",\"itemListElement\":[{\"@type\":\"ListItem\",\"position\":1,\"name\":\"Home\",\"item\":\"https:\/\/laientheaterweidling.net\/\"},{\"@type\":\"ListItem\",\"position\":2,\"name\":\"Reservierung \/ Kontakt\"}]},{\"@type\":\"WebSite\",\"@id\":\"https:\/\/laientheaterweidling.net\/#website\",\"url\":\"https:\/\/laientheaterweidling.net\/\",\"name\":\"Laientheater Weidling\",\"description\":\"Die Theatergruppe, die Klosterneuburg bewegt\",\"potentialAction\":[{\"@type\":\"SearchAction\",\"target\":{\"@type\":\"EntryPoint\",\"urlTemplate\":\"https:\/\/laientheaterweidling.net\/?s={search_term_string}\"},\"query-input\":{\"@type\":\"PropertyValueSpecification\",\"valueRequired\":true,\"valueName\":\"search_term_string\"}}],\"inLanguage\":\"de-AT\"}]}<\/script>\n<!-- \/ Yoast SEO plugin. -->","yoast_head_json":{"title":"Reservierung \/ Kontakt - Laientheater Weidling","robots":{"index":"index","follow":"follow","max-snippet":"max-snippet:-1","max-image-preview":"max-image-preview:large","max-video-preview":"max-video-preview:-1"},"canonical":"https:\/\/laientheaterweidling.net\/index.php\/tickets-kontakt\/","og_locale":"de_DE","og_type":"article","og_title":"Reservierung \/ Kontakt - Laientheater Weidling","og_url":"https:\/\/laientheaterweidling.net\/index.php\/tickets-kontakt\/","og_site_name":"Laientheater Weidling","article_modified_time":"2026-04-08T14:33:23+00:00","twitter_card":"summary_large_image","twitter_misc":{"Gesch\u00e4tzte Lesezeit":"5 Minuten"},"schema":{"@context":"https:\/\/schema.org","@graph":[{"@type":"WebPage","@id":"https:\/\/laientheaterweidling.net\/index.php\/tickets-kontakt\/","url":"https:\/\/laientheaterweidling.net\/index.php\/tickets-kontakt\/","name":"Reservierung \/ Kontakt - Laientheater Weidling","isPartOf":{"@id":"https:\/\/laientheaterweidling.net\/#website"},"datePublished":"2019-12-18T12:07:39+00:00","dateModified":"2026-04-08T14:33:23+00:00","breadcrumb":{"@id":"https:\/\/laientheaterweidling.net\/index.php\/tickets-kontakt\/#breadcrumb"},"inLanguage":"de-AT","potentialAction":[{"@type":"ReadAction","target":["https:\/\/laientheaterweidling.net\/index.php\/tickets-kontakt\/"]}]},{"@type":"BreadcrumbList","@id":"https:\/\/laientheaterweidling.net\/index.php\/tickets-kontakt\/#breadcrumb","itemListElement":[{"@type":"ListItem","position":1,"name":"Home","item":"https:\/\/laientheaterweidling.net\/"},{"@type":"ListItem","position":2,"name":"Reservierung \/ Kontakt"}]},{"@type":"WebSite","@id":"https:\/\/laientheaterweidling.net\/#website","url":"https:\/\/laientheaterweidling.net\/","name":"Laientheater Weidling","description":"Die Theatergruppe, die Klosterneuburg bewegt","potentialAction":[{"@type":"SearchAction","target":{"@type":"EntryPoint","urlTemplate":"https:\/\/laientheaterweidling.net\/?s={search_term_string}"},"query-input":{"@type":"PropertyValueSpecification","valueRequired":true,"valueName":"search_term_string"}}],"inLanguage":"de-AT"}]}},"_links":{"self":[{"href":"https:\/\/laientheaterweidling.net\/index.php\/wp-json\/wp\/v2\/pages\/96"}],"collection":[{"href":"https:\/\/laientheaterweidling.net\/index.php\/wp-json\/wp\/v2\/pages"}],"about":[{"href":"https:\/\/laientheaterweidling.net\/index.php\/wp-json\/wp\/v2\/types\/page"}],"author":[{"embeddable":true,"href":"https:\/\/laientheaterweidling.net\/index.php\/wp-json\/wp\/v2\/users\/1"}],"replies":[{"embeddable":true,"href":"https:\/\/laientheaterweidling.net\/index.php\/wp-json\/wp\/v2\/comments?post=96"}],"version-history":[{"count":32,"href":"https:\/\/laientheaterweidling.net\/index.php\/wp-json\/wp\/v2\/pages\/96\/revisions"}],"predecessor-version":[{"id":554,"href":"https:\/\/laientheaterweidling.net\/index.php\/wp-json\/wp\/v2\/pages\/96\/revisions\/554"}],"wp:attachment":[{"href":"https:\/\/laientheaterweidling.net\/index.php\/wp-json\/wp\/v2\/media?parent=96"}],"curies":[{"name":"wp","href":"https:\/\/api.w.org\/{rel}","templated":true}]}}